{"id":1865,"date":"2023-01-30T07:41:14","date_gmt":"2023-01-30T07:41:14","guid":{"rendered":"https:\/\/lamatajardiners.cat\/montajes-efimeros\/"},"modified":"2023-04-25T08:43:21","modified_gmt":"2023-04-25T08:43:21","slug":"montajes-efimeros","status":"publish","type":"page","link":"https:\/\/lamatajardiners.cat\/es\/arte-floral\/montajes-efimeros\/","title":{"rendered":"Montajes ef\u00edmeros"},"content":{"rendered":"\t\t<div data-elementor-type=\"wp-page\" data-elementor-id=\"1865\" class=\"elementor elementor-1865 elementor-1154\" data-elementor-post-type=\"page\">\n\t\t\t\t\t\t\t\t\t<section class=\"elementor-section elementor-top-section elementor-element elementor-element-47ef570 elementor-section-full_width elementor-section-height-default elementor-section-height-default\" data-id=\"47ef570\" data-element_type=\"section\">\n\t\t\t\t\t\t<div class=\"elementor-container elementor-column-gap-default\">\n\t\t\t\t\t<div class=\"elementor-column elementor-col-100 elementor-top-column elementor-element elementor-element-7cd7e56\" data-id=\"7cd7e56\" data-element_type=\"column\">\n\t\t\t<div class=\"elementor-widget-wrap elementor-element-populated\">\n\t\t\t\t\t\t\t\t<div class=\"elementor-element elementor-element-fe4e092 elementor-widget elementor-widget-heading\" data-id=\"fe4e092\" data-element_type=\"widget\" data-widget_type=\"heading.default\">\n\t\t\t\t<div class=\"elementor-widget-container\">\n\t\t\t<style>\/*! elementor - v3.15.0 - 20-08-2023 *\/\n.elementor-heading-title{padding:0;margin:0;line-height:1}.elementor-widget-heading .elementor-heading-title[class*=elementor-size-]>a{color:inherit;font-size:inherit;line-height:inherit}.elementor-widget-heading .elementor-heading-title.elementor-size-small{font-size:15px}.elementor-widget-heading .elementor-heading-title.elementor-size-medium{font-size:19px}.elementor-widget-heading .elementor-heading-title.elementor-size-large{font-size:29px}.elementor-widget-heading .elementor-heading-title.elementor-size-xl{font-size:39px}.elementor-widget-heading .elementor-heading-title.elementor-size-xxl{font-size:59px}<\/style><h1 class=\"elementor-heading-title elementor-size-default\">Montajes ef\u00edmeros<\/h1>\t\t<\/div>\n\t\t\t\t<\/div>\n\t\t\t\t\t<\/div>\n\t\t<\/div>\n\t\t\t\t\t\t\t<\/div>\n\t\t<\/section>\n\t\t\t\t<section class=\"elementor-section elementor-top-section elementor-element elementor-element-b8ae1a1 elementor-section-full_width elementor-section-height-default elementor-section-height-default\" data-id=\"b8ae1a1\" data-element_type=\"section\">\n\t\t\t\t\t\t<div class=\"elementor-container elementor-column-gap-default\">\n\t\t\t\t\t<div class=\"elementor-column elementor-col-50 elementor-top-column elementor-element elementor-element-50458f3\" data-id=\"50458f3\" data-element_type=\"column\" data-settings=\"{&quot;background_background&quot;:&quot;classic&quot;}\">\n\t\t\t<div class=\"elementor-widget-wrap elementor-element-populated\">\n\t\t\t\t\t\t\t\t<section class=\"elementor-section elementor-inner-section elementor-element elementor-element-1f9b6de elementor-section-boxed elementor-section-height-default elementor-section-height-default\" data-id=\"1f9b6de\" data-element_type=\"section\">\n\t\t\t\t\t\t<div class=\"elementor-container elementor-column-gap-default\">\n\t\t\t\t\t<div class=\"elementor-column elementor-col-100 elementor-inner-column elementor-element elementor-element-254934d\" data-id=\"254934d\" data-element_type=\"column\" data-settings=\"{&quot;background_background&quot;:&quot;classic&quot;}\">\n\t\t\t<div class=\"elementor-widget-wrap elementor-element-populated\">\n\t\t\t\t\t\t\t\t\t<\/div>\n\t\t<\/div>\n\t\t\t\t\t\t\t<\/div>\n\t\t<\/section>\n\t\t\t\t\t<\/div>\n\t\t<\/div>\n\t\t\t\t<div class=\"elementor-column elementor-col-50 elementor-top-column elementor-element elementor-element-f90184a\" data-id=\"f90184a\" data-element_type=\"column\" data-settings=\"{&quot;background_background&quot;:&quot;classic&quot;}\">\n\t\t\t<div class=\"elementor-widget-wrap elementor-element-populated\">\n\t\t\t\t\t\t\t\t\t<\/div>\n\t\t<\/div>\n\t\t\t\t\t\t\t<\/div>\n\t\t<\/section>\n\t\t\t\t\t\t\t<\/div>\n\t\t","protected":false},"excerpt":{"rendered":"<p>Montajes ef\u00edmeros<\/p>\n","protected":false},"author":1,"featured_media":0,"parent":1869,"menu_order":0,"comment_status":"closed","ping_status":"closed","template":"elementor_header_footer","meta":[],"yoast_head":"<!-- This site is optimized with the Yoast SEO plugin v20.13 - https:\/\/yoast.com\/wordpress\/plugins\/seo\/ -->\n<title>Montajes ef\u00edmeros - La Mata Jardiners<\/title>\n<meta name=\"description\" content=\"Montajes ef\u00edmeros de la Mata Jardiners. Somos una cooperativa de florister\u00eda situada en la calle Argentona 20 de Matar\u00f3.\" \/>\n<meta name=\"robots\" content=\"index, follow, max-snippet:-1, max-image-preview:large, max-video-preview:-1\" \/>\n<link rel=\"canonical\" href=\"https:\/\/lamatajardiners.cat\/es\/arte-floral\/montajes-efimeros\/\" \/>\n<meta property=\"og:locale\" content=\"es_ES\" \/>\n<meta property=\"og:type\" content=\"article\" \/>\n<meta property=\"og:title\" content=\"Montajes ef\u00edmeros - La Mata Jardiners\" \/>\n<meta property=\"og:description\" content=\"Montajes ef\u00edmeros de la Mata Jardiners. Somos una cooperativa de florister\u00eda situada en la calle Argentona 20 de Matar\u00f3.\" \/>\n<meta property=\"og:url\" content=\"https:\/\/lamatajardiners.cat\/es\/arte-floral\/montajes-efimeros\/\" \/>\n<meta property=\"og:site_name\" content=\"La Mata Jardiners\" \/>\n<meta property=\"article:modified_time\" content=\"2023-04-25T08:43:21+00:00\" \/>\n<meta name=\"twitter:card\" content=\"summary_large_image\" \/>\n<script type=\"application\/ld+json\" class=\"yoast-schema-graph\">{\"@context\":\"https:\/\/schema.org\",\"@graph\":[{\"@type\":\"WebPage\",\"@id\":\"https:\/\/lamatajardiners.cat\/es\/arte-floral\/montajes-efimeros\/\",\"url\":\"https:\/\/lamatajardiners.cat\/es\/arte-floral\/montajes-efimeros\/\",\"name\":\"Montajes ef\u00edmeros - La Mata Jardiners\",\"isPartOf\":{\"@id\":\"https:\/\/lamatajardiners.cat\/es\/#website\"},\"datePublished\":\"2023-01-30T07:41:14+00:00\",\"dateModified\":\"2023-04-25T08:43:21+00:00\",\"description\":\"Montajes ef\u00edmeros de la Mata Jardiners. Somos una cooperativa de florister\u00eda situada en la calle Argentona 20 de Matar\u00f3.\",\"breadcrumb\":{\"@id\":\"https:\/\/lamatajardiners.cat\/es\/arte-floral\/montajes-efimeros\/#breadcrumb\"},\"inLanguage\":\"es\",\"potentialAction\":[{\"@type\":\"ReadAction\",\"target\":[\"https:\/\/lamatajardiners.cat\/es\/arte-floral\/montajes-efimeros\/\"]}]},{\"@type\":\"BreadcrumbList\",\"@id\":\"https:\/\/lamatajardiners.cat\/es\/arte-floral\/montajes-efimeros\/#breadcrumb\",\"itemListElement\":[{\"@type\":\"ListItem\",\"position\":1,\"name\":\"Inici\",\"item\":\"https:\/\/lamatajardiners.cat\/es\/\"},{\"@type\":\"ListItem\",\"position\":2,\"name\":\"Arte floral\",\"item\":\"https:\/\/lamatajardiners.cat\/es\/arte-floral\/\"},{\"@type\":\"ListItem\",\"position\":3,\"name\":\"Montajes ef\u00edmeros\"}]},{\"@type\":\"WebSite\",\"@id\":\"https:\/\/lamatajardiners.cat\/es\/#website\",\"url\":\"https:\/\/lamatajardiners.cat\/es\/\",\"name\":\"La Mata Jardiners\",\"description\":\"\",\"publisher\":{\"@id\":\"https:\/\/lamatajardiners.cat\/es\/#organization\"},\"potentialAction\":[{\"@type\":\"SearchAction\",\"target\":{\"@type\":\"EntryPoint\",\"urlTemplate\":\"https:\/\/lamatajardiners.cat\/es\/?s={search_term_string}\"},\"query-input\":\"required name=search_term_string\"}],\"inLanguage\":\"es\"},{\"@type\":\"Organization\",\"@id\":\"https:\/\/lamatajardiners.cat\/es\/#organization\",\"name\":\"La Mata Jardiners\",\"url\":\"https:\/\/lamatajardiners.cat\/es\/\",\"logo\":{\"@type\":\"ImageObject\",\"inLanguage\":\"es\",\"@id\":\"https:\/\/lamatajardiners.cat\/es\/#\/schema\/logo\/image\/\",\"url\":\"https:\/\/lamatajardiners.cat\/wp-content\/uploads\/2022\/06\/logogreen.png\",\"contentUrl\":\"https:\/\/lamatajardiners.cat\/wp-content\/uploads\/2022\/06\/logogreen.png\",\"width\":709,\"height\":166,\"caption\":\"La Mata Jardiners\"},\"image\":{\"@id\":\"https:\/\/lamatajardiners.cat\/es\/#\/schema\/logo\/image\/\"},\"sameAs\":[\"https:\/\/instagram.com\/floristeria_la_mata_jardiners\"]}]}<\/script>\n<!-- \/ Yoast SEO plugin. -->","yoast_head_json":{"title":"Montajes ef\u00edmeros - La Mata Jardiners","description":"Montajes ef\u00edmeros de la Mata Jardiners. Somos una cooperativa de florister\u00eda situada en la calle Argentona 20 de Matar\u00f3.","robots":{"index":"index","follow":"follow","max-snippet":"max-snippet:-1","max-image-preview":"max-image-preview:large","max-video-preview":"max-video-preview:-1"},"canonical":"https:\/\/lamatajardiners.cat\/es\/arte-floral\/montajes-efimeros\/","og_locale":"es_ES","og_type":"article","og_title":"Montajes ef\u00edmeros - La Mata Jardiners","og_description":"Montajes ef\u00edmeros de la Mata Jardiners. Somos una cooperativa de florister\u00eda situada en la calle Argentona 20 de Matar\u00f3.","og_url":"https:\/\/lamatajardiners.cat\/es\/arte-floral\/montajes-efimeros\/","og_site_name":"La Mata Jardiners","article_modified_time":"2023-04-25T08:43:21+00:00","twitter_card":"summary_large_image","schema":{"@context":"https:\/\/schema.org","@graph":[{"@type":"WebPage","@id":"https:\/\/lamatajardiners.cat\/es\/arte-floral\/montajes-efimeros\/","url":"https:\/\/lamatajardiners.cat\/es\/arte-floral\/montajes-efimeros\/","name":"Montajes ef\u00edmeros - La Mata Jardiners","isPartOf":{"@id":"https:\/\/lamatajardiners.cat\/es\/#website"},"datePublished":"2023-01-30T07:41:14+00:00","dateModified":"2023-04-25T08:43:21+00:00","description":"Montajes ef\u00edmeros de la Mata Jardiners. Somos una cooperativa de florister\u00eda situada en la calle Argentona 20 de Matar\u00f3.","breadcrumb":{"@id":"https:\/\/lamatajardiners.cat\/es\/arte-floral\/montajes-efimeros\/#breadcrumb"},"inLanguage":"es","potentialAction":[{"@type":"ReadAction","target":["https:\/\/lamatajardiners.cat\/es\/arte-floral\/montajes-efimeros\/"]}]},{"@type":"BreadcrumbList","@id":"https:\/\/lamatajardiners.cat\/es\/arte-floral\/montajes-efimeros\/#breadcrumb","itemListElement":[{"@type":"ListItem","position":1,"name":"Inici","item":"https:\/\/lamatajardiners.cat\/es\/"},{"@type":"ListItem","position":2,"name":"Arte floral","item":"https:\/\/lamatajardiners.cat\/es\/arte-floral\/"},{"@type":"ListItem","position":3,"name":"Montajes ef\u00edmeros"}]},{"@type":"WebSite","@id":"https:\/\/lamatajardiners.cat\/es\/#website","url":"https:\/\/lamatajardiners.cat\/es\/","name":"La Mata Jardiners","description":"","publisher":{"@id":"https:\/\/lamatajardiners.cat\/es\/#organization"},"potentialAction":[{"@type":"SearchAction","target":{"@type":"EntryPoint","urlTemplate":"https:\/\/lamatajardiners.cat\/es\/?s={search_term_string}"},"query-input":"required name=search_term_string"}],"inLanguage":"es"},{"@type":"Organization","@id":"https:\/\/lamatajardiners.cat\/es\/#organization","name":"La Mata Jardiners","url":"https:\/\/lamatajardiners.cat\/es\/","logo":{"@type":"ImageObject","inLanguage":"es","@id":"https:\/\/lamatajardiners.cat\/es\/#\/schema\/logo\/image\/","url":"https:\/\/lamatajardiners.cat\/wp-content\/uploads\/2022\/06\/logogreen.png","contentUrl":"https:\/\/lamatajardiners.cat\/wp-content\/uploads\/2022\/06\/logogreen.png","width":709,"height":166,"caption":"La Mata Jardiners"},"image":{"@id":"https:\/\/lamatajardiners.cat\/es\/#\/schema\/logo\/image\/"},"sameAs":["https:\/\/instagram.com\/floristeria_la_mata_jardiners"]}]}},"_links":{"self":[{"href":"https:\/\/lamatajardiners.cat\/es\/wp-json\/wp\/v2\/pages\/1865"}],"collection":[{"href":"https:\/\/lamatajardiners.cat\/es\/wp-json\/wp\/v2\/pages"}],"about":[{"href":"https:\/\/lamatajardiners.cat\/es\/wp-json\/wp\/v2\/types\/page"}],"author":[{"embeddable":true,"href":"https:\/\/lamatajardiners.cat\/es\/wp-json\/wp\/v2\/users\/1"}],"replies":[{"embeddable":true,"href":"https:\/\/lamatajardiners.cat\/es\/wp-json\/wp\/v2\/comments?post=1865"}],"version-history":[{"count":1,"href":"https:\/\/lamatajardiners.cat\/es\/wp-json\/wp\/v2\/pages\/1865\/revisions"}],"predecessor-version":[{"id":1866,"href":"https:\/\/lamatajardiners.cat\/es\/wp-json\/wp\/v2\/pages\/1865\/revisions\/1866"}],"up":[{"embeddable":true,"href":"https:\/\/lamatajardiners.cat\/es\/wp-json\/wp\/v2\/pages\/1869"}],"wp:attachment":[{"href":"https:\/\/lamatajardiners.cat\/es\/wp-json\/wp\/v2\/media?parent=1865"}],"curies":[{"name":"wp","href":"https:\/\/api.w.org\/{rel}","templated":true}]}}

Montajes efímeros

<div data-elementor-type="wp-page" data-elementor-id="1865" class="elementor elementor-1865 elementor-1154" data-elementor-post-type="page">
									<section class="elementor-section elementor-top-section elementor-element elementor-element-47ef570 elementor-section-full_width elementor-section-height-default elementor-section-height-default" data-id="47ef570" data-element_type="section">
						<div class="elementor-container elementor-column-gap-default">
					<div class="elementor-column elementor-col-100 elementor-top-column elementor-element elementor-element-7cd7e56" data-id="7cd7e56" data-element_type="column">
			<div class="elementor-widget-wrap elementor-element-populated">
								<div class="elementor-element elementor-element-fe4e092 elementor-widget elementor-widget-heading" data-id="fe4e092" data-element_type="widget" data-widget_type="heading.default">
				<div class="elementor-widget-container">
			<style>/*! elementor - v3.15.0 - 20-08-2023 */
.elementor-heading-title{padding:0;margin:0;line-height:1}.elementor-widget-heading .elementor-heading-title[class*=elementor-size-]>a{color:inherit;font-size:inherit;line-height:inherit}.elementor-widget-heading .elementor-heading-title.elementor-size-small{font-size:15px}.elementor-widget-heading .elementor-heading-title.elementor-size-medium{font-size:19px}.elementor-widget-heading .elementor-heading-title.elementor-size-large{font-size:29px}.elementor-widget-heading .elementor-heading-title.elementor-size-xl{font-size:39px}.elementor-widget-heading .elementor-heading-title.elementor-size-xxl{font-size:59px}</style><h1 class="elementor-heading-title elementor-size-default">Montajes efímeros</h1>		</div>
				</div>
					</div>
		</div>
							</div>
		</section>
				<section class="elementor-section elementor-top-section elementor-element elementor-element-b8ae1a1 elementor-section-full_width elementor-section-height-default elementor-section-height-default" data-id="b8ae1a1" data-element_type="section">
						<div class="elementor-container elementor-column-gap-default">
					<div class="elementor-column elementor-col-50 elementor-top-column elementor-element elementor-element-50458f3" data-id="50458f3" data-element_type="column" data-settings="{&quot;background_background&quot;:&quot;classic&quot;}">
			<div class="elementor-widget-wrap elementor-element-populated">
								<section class="elementor-section elementor-inner-section elementor-element elementor-element-1f9b6de elementor-section-boxed elementor-section-height-default elementor-section-height-default" data-id="1f9b6de" data-element_type="section">
						<div class="elementor-container elementor-column-gap-default">
					<div class="elementor-column elementor-col-100 elementor-inner-column elementor-element elementor-element-254934d" data-id="254934d" data-element_type="column" data-settings="{&quot;background_background&quot;:&quot;classic&quot;}">
			<div class="elementor-widget-wrap elementor-element-populated">
									</div>
		</div>
							</div>
		</section>
					</div>
		</div>
				<div class="elementor-column elementor-col-50 elementor-top-column elementor-element elementor-element-f90184a" data-id="f90184a" data-element_type="column" data-settings="{&quot;background_background&quot;:&quot;classic&quot;}">
			<div class="elementor-widget-wrap elementor-element-populated">
									</div>
		</div>
							</div>
		</section>
							</div>

<p>Montajes efímeros</p>

<!-- This site is optimized with the Yoast SEO plugin v20.13 - https://yoast.com/wordpress/plugins/seo/ -->
<title>Montajes efímeros - La Mata Jardiners</title>
<meta name="description" content="Montajes efímeros de la Mata Jardiners. Somos una cooperativa de floristería situada en la calle Argentona 20 de Mataró." />
<meta name="robots" content="index, follow, max-snippet:-1, max-image-preview:large, max-video-preview:-1" />
<link rel="canonical" href="https://lamatajardiners.cat/es/arte-floral/montajes-efimeros/" />
<meta property="og:locale" content="es_ES" />
<meta property="og:type" content="article" />
<meta property="og:title" content="Montajes efímeros - La Mata Jardiners" />
<meta property="og:description" content="Montajes efímeros de la Mata Jardiners. Somos una cooperativa de floristería situada en la calle Argentona 20 de Mataró." />
<meta property="og:url" content="https://lamatajardiners.cat/es/arte-floral/montajes-efimeros/" />
<meta property="og:site_name" content="La Mata Jardiners" />
<meta property="article:modified_time" content="2023-04-25T08:43:21+00:00" />
<meta name="twitter:card" content="summary_large_image" />
<script type="application/ld+json" class="yoast-schema-graph">{"@context":"https://schema.org","@graph":[{"@type":"WebPage","@id":"https://lamatajardiners.cat/es/arte-floral/montajes-efimeros/","url":"https://lamatajardiners.cat/es/arte-floral/montajes-efimeros/","name":"Montajes efímeros - La Mata Jardiners","isPartOf":{"@id":"https://lamatajardiners.cat/es/#website"},"datePublished":"2023-01-30T07:41:14+00:00","dateModified":"2023-04-25T08:43:21+00:00","description":"Montajes efímeros de la Mata Jardiners. Somos una cooperativa de floristería situada en la calle Argentona 20 de Mataró.","breadcrumb":{"@id":"https://lamatajardiners.cat/es/arte-floral/montajes-efimeros/#breadcrumb"},"inLanguage":"es","potentialAction":[{"@type":"ReadAction","target":["https://lamatajardiners.cat/es/arte-floral/montajes-efimeros/"]}]},{"@type":"BreadcrumbList","@id":"https://lamatajardiners.cat/es/arte-floral/montajes-efimeros/#breadcrumb","itemListElement":[{"@type":"ListItem","position":1,"name":"Inici","item":"https://lamatajardiners.cat/es/"},{"@type":"ListItem","position":2,"name":"Arte floral","item":"https://lamatajardiners.cat/es/arte-floral/"},{"@type":"ListItem","position":3,"name":"Montajes efímeros"}]},{"@type":"WebSite","@id":"https://lamatajardiners.cat/es/#website","url":"https://lamatajardiners.cat/es/","name":"La Mata Jardiners","description":"","publisher":{"@id":"https://lamatajardiners.cat/es/#organization"},"potentialAction":[{"@type":"SearchAction","target":{"@type":"EntryPoint","urlTemplate":"https://lamatajardiners.cat/es/?s={search_term_string}"},"query-input":"required name=search_term_string"}],"inLanguage":"es"},{"@type":"Organization","@id":"https://lamatajardiners.cat/es/#organization","name":"La Mata Jardiners","url":"https://lamatajardiners.cat/es/","logo":{"@type":"ImageObject","inLanguage":"es","@id":"https://lamatajardiners.cat/es/#/schema/logo/image/","url":"https://lamatajardiners.cat/wp-content/uploads/2022/06/logogreen.png","contentUrl":"https://lamatajardiners.cat/wp-content/uploads/2022/06/logogreen.png","width":709,"height":166,"caption":"La Mata Jardiners"},"image":{"@id":"https://lamatajardiners.cat/es/#/schema/logo/image/"},"sameAs":["https://instagram.com/floristeria_la_mata_jardiners"]}]}</script>
<!-- / Yoast SEO plugin. -->

Montajes efímeros - La Mata Jardiners

Montajes efímeros de la Mata Jardiners. Somos una cooperativa de floristería situada en la calle Argentona 20 de Mataró.
